e p(1). Let r be -3 + d*(-3)/(-6). What is the tens digit of 455/r - 2/8?
1
What is the hundreds digit of 516/16*-2*-4?
2
Let j = 14 - 8. Let x(v) = v**3 + 6*v**2 - 6*v + 7. Let u be x(-7). Suppose j + u = 2*r. What is the units digit of r?
3
Suppose -4*s = -2*s - 4*k - 24, -3*s + 5*k = -39. What is the units digit of s/(-4)*(-12)/9?
6
Let j(c) = -35*c - 23. What is the hundreds digit of j(-5)?
1
Suppose 2*n - 340 = -2*n + 4*k, n + 5*k - 55 = 0. What is the units digit of n?
0
Let j = -6 + 14. Suppose s - 6 = 2*f, 0 = 4*s - 3*s - 3*f - j. What is the units digit of s?
2
What is the tens digit of 10/(-35) - 72/(-7)?
1
Suppose -4*z + 29 = -c + 6, -2*c + 19 = 5*z. Let y = 1 - 1. What is the units digit of (c/(-9) - y)*21?
7
Suppose -2*k - 2*p + 12 = -6*p, -4*p = 4. Suppose 17 = j - k. What is the tens digit of j?
2
Let v be 12/5 + 10/(-25). Suppose 2*c = -0*c + 2*j - v, -5*c - j + 13 = 0. What is the units digit of c?
2
Suppose 0 = 2*r + 5*l - 105, r + 0*l = l + 56. What is the tens digit of r?
5
Suppose p + 3*p = -4*y + 16, -10 = -y - 3*p. Let u(o) = 13*o**3 - 2*o**2 + o. What is the tens digit of u(y)?
1
Let h(j) be the third derivative of -31*j**6/120 + j**5/60 + j**4/12 + j**3/6 + j**2. What is the units digit of h(-1)?
1
Suppose -a = 3 + 1. Let v = a + 2. What is the units digit of (-2)/(v*(-3)/(-15))?
5
Let v(n) = -87*n - 87. What is the units digit of v(-6)?
5
Let u(h) be the second derivative of h**5/20 + h**4/3 - 5*h**3/6 - h**2 - 3*h. Let z be u(-5). What is the units digit of -3*(z + 15/9)?
1
Suppose -f = 2*v - 91, 206 = 6*f - 4*f - 4*v. What is the units digit of f?
7
Let y(k) = -k**3 + 24*k**2 - 31*k - 33. What is the hundreds digit of y(22)?
2
Suppose 0 = 3*s + 112 - 388. What is the tens digit of s?
9
Let l be (3 + 0 + 0)*4. What is the units digit of l/8*(-4)/(-3)?
2
Let b = 32 + -19. What is the units digit of b?
3
Let y be -1 - -5 - (0 - -1). Suppose -3*s + 3 = -y. Suppose 0 = j - 3*n - 7, 5 = j + n - s. What is the units digit of j?
7
Let y(x) = x**3 - 5*x**2 - 7*x - 2. Let j be y(6). Let c = j + 11. What is the units digit of c?
3
What is the tens digit of 2 - -37 - (-4)/(-2)?
3
Let h(z) = z**3 - 5*z**2 - 8*z + 8. What is the units digit of h(7)?
0
Suppose -2*p - 190 = -3*p. What is the tens digit of p?
9
Let f(j) = -j - 3. Let c be f(-4). Let g = 7 - c. What is the units digit of g?
6
Suppose 5*g - 13 = -2*v, -5*v + 3*g = -25 - 23. What is the units digit of (-3)/v + (-37)/(-3)?
2
Let m(s) = 16*s - 1. Let u be m(1). Let g = -4 + 6. Suppose -w + u = g*w. What is the units digit of w?
5
Let y = -26 - -36. What is the units digit of (6/3*y)/2?
0
Let n be (15 + -1)/2 + -1. Let u(a) = -5*a**2 - 8*a + 2. Let t(b) = -6*b**2 - 8*b + 2. Let g(m) = 6*t(m) - 7*u(m). What is the units digit of g(n)?
0
Let c(z) = z**2 + 9*z - 8. Let v be c(-10). Suppose 47 = 3*n + v*j + 2*j, -2*j = -5*n + 61. What is the units digit of n?
3
Suppose -2*g - 3*g + 6 = -3*u, 5*u - 3 = 4*g. Let x be u*(4/3)/2. Suppose 2*y - 44 = -x*y. What is the units digit of y?
1
Let d = -6 - 0. What is the units digit of d/(-10) + (-114)/(-10)?
2
Suppose 9*z - 6 = 7*z. Suppose 2*s - 2*q = -s + 60, -z*q - 9 = 0. What is the units digit of s?
8
What is the units digit of (-1752)/36*((-3)/2 - 0)?
3
Let u(r) = 31*r - 2. What is the tens digit of u(1)?
2
Let p = -2 - 1. Let x be ((-2)/6)/((-1)/p). What is the units digit of (-9 - -5)*x/2?
2
What is the units digit of 28 - 2*(-3)/2?
1
Suppose 6 = 5*x + s, 4*x - s = -0*s + 12. Suppose 0 = 6*h - 2*h - 5*p - 6, 4*h - x*p = 12. What is the units digit of h?
4
Let z(v) be the third derivative of v**5/60 + 3*v**4/8 - 11*v**3/6 - 2*v**2. What is the units digit of z(-11)?
1
Suppose c + 3 = 6. Suppose -5*y = -c*w - 78, -3*y + 5*w = 5 - 39. Let o = y - 11. What is the units digit of o?
7
Let k = -3 + 5. Let j(u) = u**3 + 3*u**2 - 3*u + 5. Let a be j(-4). Let l = k - a. What is the units digit of l?
1
Suppose 4*j = r - j - 4, r + 3 = -2*j. Suppose 120 - 48 = 4*b. Let t = r + b. What is the tens digit of t?
1
Suppose 0*o = -2*o + 4. Suppose -3*m + 16 = -o*m. What is the units digit of m?
6
Let d be (32/(-56))/((-2)/7). Let i(k) = 4 + 3*k - d*k - 3. What is the units digit of i(9)?
0
Let v be 12/18 - (-53)/(-3). Let j = 9 + v. What is the units digit of (-17)/(-4) - (-2)/j?
4
Let r(w) = -w**3 + 6*w**2 - 2*w + 7. Let h(k) = -k**3 - 5*k**2 - 6*k - 3. Let s be h(-4). Let c be r(s). Suppose -t + c = t. What is the units digit of t?
1
Suppose -2*v - o + 71 = 0, 3*v + 3*o = -o + 119. What is the units digit of v?
3
Suppose 0 = -5*v - 5, -3*z - 5*v + 7 = -z. What is the tens digit of ((-204)/18)/((-4)/z)?
1
Let r be 46/2 - (-1 - 1). Suppose -b = c - r, -3*b + 95 = b - c. Suppose 0 = 5*h - p, 0 = -6*h + 2*h - 4*p + b. What is the units digit of h?
1
Let z(g) be the first derivative of 11*g**3/3 - g**2 + g + 1. What is the tens digit of z(1)?
1
Let s(c) = c**3 - 10*c**2 + 3*c - 15. What is the units digit of s(10)?
5
Suppose -712 = -0*q - 4*q. What is the tens digit of q?
7
Suppose -2 = -r + 16. Suppose 5*c - 2 - 4 = p, c = -4*p + r. Suppose c*m + 0*o - 5*o - 45 = 0, -m = -5*o - 35. What is the units digit of m?
0
Let x = 237 + -136. What is the hundreds digit of x?
1
Suppose -4*u + 0*u = -52. Suppose -z + u = -5. What is the units digit of z?
8
Suppose -3*r - 288 = -5*j - 4*r, -2*r + 63 = j. What is the units digit of j?
7
Let k = -10 + 20. What is the tens digit of k?
1
Let d(i) = -4*i**3 - 12*i**2 - i - 2. Let f(z) = -11*z**3 - 35*z**2 - 3*z - 5. Let j(b) = -17*d(b) + 6*f(b). What is the tens digit of j(4)?
3
Let g = 34 + 142. What is the hundreds digit of g?
1
Let q be (7 - (-1 + -1))*-3. Suppose 0*h = h + 13. Let t = h - q. What is the units digit of t?
4
What is the units digit of 10 - 5 - (-4 + 2)?
7
What is the units digit of ((-2)/6)/((-7)/168)?
8
Suppose 3*h = 3*q - 0 + 9, q + 23 = 5*h. Suppose 4*f - 2*b = -62, q*f + b + 23 = -18. What is the units digit of (-94)/f - (-8)/(-36)?
5
Let f = -7 - -2. Let o(w) = w**3 + 5*w**2 - 7*w - 6. What is the units digit of o(f)?
9
Let o(k) be the third derivative of k**6/120 + k**5/6 - 17*k**4/24 - 5*k**3/2 + 4*k**2. What is the tens digit of o(-11)?
5
Let v(a) = -2*a - 8. Let y be v(-6). Let d be (1 - 1) + 2/1. Suppose -d = -c + y. What is the units digit of c?
6
Let g = 170 + 109. What is the tens digit of g?
7
Let a(d) = -d - 9. Let m be a(-7). Let v be -2*2/m - 1. What is the units digit of (-10)/(-6) - v/(-3)?
2
Suppose -2*k = 3*l - 2*l - 753, -1136 = -3*k + 5*l. What is the hundreds digit of k?
3
Let w be 1/(-2)*(2 - 10). Suppose -w = -5*d + 1. What is the units digit of d?
1
Let j(n) be the second derivative of 2*n**3/3 - 15*n**2/2 - n. What is the units digit of j(6)?
9
Let b(u) = -u**3 + 5*u**2 - 2*u - 5. Let c be b(4). Let i = 5 + -3. Suppose 2*y = i*p - 4, 5*p - 9 - 1 = c*y. What is the units digit of p?
2
Let y = 19 - 14. Suppose -y*h = k - 27, -k - 23 = -0*k - 5*h. What is the units digit of k?
2
Suppose 0 = 6*w - 2*w - 60. Suppose -2*t = -w - 15. Suppose 12 = 4*p - 3*n, -2*p + 5*n + t = 3*p. What is the units digit of p?
3
Let z(r) be the second derivative of r**3/6 + 2*r. Let n be z(4). Suppose 16 = 5*f - n. What is the units digit of f?
4
Let b be (4/(-3))/((-2)/309). Suppose -3*d + 35 - 243 = -5*x, -d - b = -5*x. What is the tens digit of x?
4
What is the tens digit of (0 + (-69)/(-3))/1?
2
What is the units digit of (-364)/(-6) - 3/(-9)?
1
Suppose 4*h - 434 = 2*n, -n = 3*h - 2*n - 325. What is the tens digit of h?
0
Suppose -4*m + 3*g = -281, -54 = 3*m - g - 266. What is the tens digit of m?
7
Let v = -3 - -8. Suppose v*g - 8 - 107 = 0. Let r = g - 12. What is the tens digit of r?
1
Let o(u) = 4*u - 5. Let z be o(2). Let a be 2/(2/3) + 2. Let i = z + a. What is the units digit of i?
8
Suppose 0 = -0*c - 5*c + 230. What is the tens digit of c?
4
Let g be (-8)/28 - (-52)/(-14). Let s = -2 - g. Let a = 1 + s. What is the units digit of a?
3
Let v be (-4)/(-18) - (-98)/126. Let l = 9 + -14. What is the units digit of (v/(-3))/(l/30)?
2
What is the hundreds digit of 1*((-1255)/15)/(3/(-9))?
2
Let q(r) = 5*r. Let o be q(2). Suppose -3*t + 67 - 61 = 0. What is the units digit of o + (t - 3)/1?
9
Suppose 2*x + 210 = 3*x. Let t be x/27 + (-4)/(-18). Let m = 2 + t. What is the tens digit of